e greatest common divisor of 225 and 50.
25
What is the greatest common factor of 1799 and 14?
7
What is the highest common factor of 1425 and 250?
25
What is the highest common factor of 31 and 1?
1
What is the highest common divisor of 68 and 4?
4
Calculate the greatest common divisor of 50 and 2275.
25
Calculate the greatest common divisor of 1050 and 10.
10
Calculate the greatest common divisor of 147 and 6.
3
Calculate the highest common factor of 48 and 2672.
16
Calculate the greatest common factor of 731 and 272.
17
What is the highest common factor of 78 and 39741?
39
Calculate the highest common factor of 14 and 2.
2
Calculate the greatest common divisor of 5292 and 7.
7
Calculate the highest common factor of 62 and 930.
62
Calculate the highest common factor of 27 and 45.
9
What is the greatest common factor of 940 and 15?
5
What is the greatest common factor of 231 and 7?
7
What is the greatest common factor of 74 and 3182?
74
Calculate the highest common divisor of 33 and 26037.
33
Calculate the highest common factor of 816 and 102.
102
Calculate the greatest common divisor of 40 and 1720.
40
Calculate the greatest common divisor of 86 and 24.
2
What is the greatest common factor of 147 and 9?
3
Calculate the greatest common divisor of 78 and 22074.
78
Calculate the highest common factor of 165 and 423.
3
What is the greatest common factor of 776 and 97?
97
What is the greatest common factor of 1020 and 420?
60
What is the greatest common factor of 42 and 63?
21
Calculate the greatest common divisor of 77 and 231.
77
Calculate the highest common divisor of 272 and 68.
68
Calculate the greatest common factor of 1377 and 486.
81
Calculate the highest common factor of 80 and 30.
10
What is the greatest common divisor of 3 and 93?
3
Calculate the highest common divisor of 329 and 7.
7
Calculate the highest common factor of 369 and 4920.
123
Calculate the highest common factor of 95 and 20.
5
Calculate the highest common divisor of 216 and 8712.
72
What is the greatest common divisor of 42 and 210?
42
Calculate the greatest common divisor of 154 and 574.
14
Calculate the highest common factor of 22 and 9031.
11
Calculate the highest common factor of 999 and 27.
27
What is the highest common factor of 118 and 177?
59
Calculate the highest common divisor of 115 and 20.
5
What is the highest common factor of 21096 and 72?
72
What is the greatest common divisor of 8020 and 20?
20
What is the greatest common factor of 40 and 5?
5
What is the highest common divisor of 57 and 3?
3
What is the highest common divisor of 63 and 609?
21
Calculate the greatest common factor of 351 and 21.
3
What is the greatest common divisor of 104 and 22828?
52
Calculate the highest common divisor of 375 and 1425.
75
What is the highest common divisor of 488 and 3233?
61
Calculate the highest common divisor of 139 and 2.
1
What is the highest common factor of 66 and 13002?
66
Calculate the greatest common divisor of 868 and 2688.
28
Calculate the highest common factor of 1280 and 5.
5
Calculate the highest common divisor of 2 and 161.
1
Calculate the greatest common divisor of 1611 and 108.
9
What is the greatest common divisor of 2509 and 52?
13
Calculate the greatest common factor of 15 and 190.
5
What is the highest common divisor of 128 and 48?
16
What is the greatest common factor of 47 and 1598?
47
Calculate the highest common factor of 10 and 622.
2
What is the highest common divisor of 18 and 10?
2
What is the highest common divisor of 57 and 25289?
19
What is the highest common factor of 98 and 154?
14
What is the greatest common factor of 2570 and 190?
10
What is the greatest common factor of 28 and 21?
7
Calculate the highest common divisor of 315 and 30.
15
What is the greatest common divisor of 795 and 30?
15
What is the greatest common divisor of 16 and 3688?
8
What is the highest common factor of 204 and 4404?
12
What is the greatest common factor of 5664 and 1062?
354
Calculate the greatest common divisor of 16 and 976.
16
What is the greatest common divisor of 14 and 8?
2
What is the highest common divisor of 18 and 414?
18
What is the greatest common factor of 22 and 1?
1
What is the highest common factor of 138 and 598?
46
What is the highest common factor of 118 and 7493?
59
Calculate the greatest common factor of 182 and 70.
14
Calculate the greatest common divisor of 7 and 329.
7
What is the greatest common divisor of 46 and 55039?
23
Calculate the highest common divisor of 44 and 1111.
11
Calculate the greatest common factor of 338 and 104.
26
Calculate the greatest common factor of 165 and 60.
15
What is the greatest common divisor of 105 and 45?
15
What is the greatest common divisor of 38 and 513?
19
Calculate the greatest common factor of 128 and 1664.
128
What is the greatest common divisor of 6 and 19506?
6
Calculate the greatest common divisor of 330 and 6204.
66
Calculate the greatest common divisor of 11203 and 68.
17
What is the greatest common divisor of 870 and 180?
30
Calculate the greatest common divisor of 1779 and 6.
3
What is the highest common factor of 20 and 10115?
5
What is the highest common factor of 26 and 1027?
13
What is the highest common divisor of 187 and 33?
11
What is the highest common factor of 90 and 80?
10
What is the highest common divisor of 12200 and 183?
61
Calculate the greatest common factor of 495 and 135.
45
Calculate the greatest common factor of 28 and 484.
4
What is the greatest common factor of 4 and 152?
4
What is the highest common divisor of 384 and 240?
48
Calculate the greatest common divisor of 36081 and 171.
171
Calculate the greatest common factor of 210 and 20.
10
What is the highest common divisor of 286 and 22?
22
What is the highest common factor of 7503 and 183?
183
What is the greatest common divisor of 125 and 1000?
125
Calculate the greatest common divisor of 222 and 6.
6
What is the greatest common factor of 234 and 130?
26
What is the greatest common factor of 336 and 189?
21
What is the highest common divisor of 5430 and 30?
30
Calculate the greatest common divisor of 9696 and 96.
96
Calculate the greatest common factor of 1498 and 214.
214
What is the highest common divisor of 391 and 17?
17
What is the greatest common factor of 30 and 75?
15
What is the greatest common divisor of 261 and 11368?
29
Calculate the highest common factor of 1089 and 924.
33
What is the greatest common divisor of 303 and 24?
3
Calculate the highest common factor of 14410 and 131.
131
What is the greatest common factor of 60 and 705?
15
Calculate the highest common divisor of 9 and 5949.
9
What is the highest common factor of 48 and 408?
24
What is the greatest common factor of 292 and 16?
4
Calculate the greatest common divisor of 38 and 2432.
38
Calculate the highest common divisor of 2233 and 308.
77
What is the highest common divisor of 5 and 2705?
5
What is the highest common divisor of 315 and 90?
45
What is the greatest common factor of 132 and 48?
12
What is the highest common divisor of 29 and 6583?
29
What is the greatest common divisor of 943 and 161?
23
Calculate the highest common factor of 1164 and 7857.
291
Calculate the highest common divisor of 28 and 476.
28
Calculate the greatest common divisor of 10986 and 6.
6
What is the greatest common factor of 19 and 551?
19
What is the greatest common factor of 279 and 155?
31
Calculate the highest common factor of 420 and 280.
140
What is the highest common factor of 333 and 1719?
9
Calculate the greatest common factor of 2254 and 276.
46
What is the greatest common divisor of 990 and 2035?
55
What is the highest common divisor of 152 and 8?
8
What is the highest common divisor of 1617 and 33?
33
What is the greatest common divisor of 117 and 27?
9
What is the highest common divisor of 45 and 2895?
15
What is the greatest common divisor of 68077 and 19?
19
What is the greatest common factor of 243 and 9?
9
What is the highest common factor of 1458 and 9882?
162
What is the highest common factor of 398 and 26467?
199
What is the highest common divisor of 56 and 154?
14
Calculate the greatest common factor of 1200 and 360.
120
Calculate the highest common factor of 2881 and 43.
43
What is the highest common divisor of 1270 and 80?
10
